*v = -3*v - 15. Suppose 5*k - 4 = 21. Suppose -v = -5*x + k. What is the units digit of x?
2
Let a = -11 + 14. Suppose -a*t + 5*s + 25 = 0, -2*t - t + 37 = -2*s. What is the tens digit of t?
1
Let w be (-42)/(-12)*(0 + 2). Suppose -3*t + v + 5 = -9, -t - 2*v = w. Suppose 0 = -a - 4*a - 2*g + 1, t*g + 9 = 3*a. What is the units digit of a?
1
Let t(y) = -4*y**3 - 1. Let m be t(-1). Suppose 19 = m*j + 2*k, -j - 2*j = -3*k - 9. What is the units digit of j?
5
Let g = 3 + 2. Suppose 34 = g*d - 21. What is the tens digit of d?
1
Suppose 4*h - 376 = 4*b + 492, 0 = -5*h - b + 1067. What is the hundreds digit of h?
2
Suppose -2*u = 3*u - 35. Suppose 4*n - 2 = 6. Suppose -b + u = n. What is the units digit of b?
5
Let n = 105 - 72. What is the units digit of n?
3
Suppose 4*f - 38 = -3*n, -4*n + 1 = -7. What is the units digit of f?
8
Let d(c) = -3*c - 1. Let z be d(-1). Let v(a) = 3*a + 2. What is the units digit of v(z)?
8
Suppose 0 = -y + 2*z - 20, 3*z = -y + 2*z - 20. Let n = -12 - y. What is the units digit of n?
8
Let u(g) be the first derivative of g**4/12 - 2*g**3/3 - 5*g**2/2 + 4*g - 3. Let v(m) be the first derivative of u(m). What is the units digit of v(7)?
6
Let w(f) = -f**2 + 4*f + 1. Suppose -4*o + 2 = -2*m + 32, 31 = -4*o + 3*m. Let q = 11 + o. What is the units digit of w(q)?
1
Suppose -2*k + 26 = 2*m - 0*k, k + 55 = 3*m. What is the tens digit of m?
1
Let g = 427 + -76. What is the tens digit of g?
5
Suppose 2*m + 4*s + 72 = 0, -5*m + 4*s + 0*s - 124 = 0. Let f = m - -58. What is the units digit of f?
0
Suppose 0 = 2*l + 5*b - 268, 2*b - 147 - 109 = -2*l. What is the tens digit of l?
2
What is the tens digit of (-3750)/(-39) + (50/13 - 4)?
9
Let q = -44 - -78. What is the units digit of q?
4
Let l(f) = f + 24. Suppose -43 = 2*k - 19. What is the tens digit of l(k)?
1
Let p be 32*((-6)/(-4) - 2). Let s be 3/(-15)*0*1. Let f = s - p. What is the tens digit of f?
1
Let a(x) be the third derivative of 4*x**2 + 2/3*x**3 - 1/60*x**5 + 0 + 0*x + 1/3*x**4. What is the units digit of a(4)?
0
Let g(v) = -v**3 + 5*v**2 + 7. Let t be g(5). What is the units digit of -1 + -2 + 2 + t?
6
Let v(d) = -d**3 - 5*d**2 + 25*d + 31. What is the hundreds digit of v(-9)?
1
Let s(b) = -b + 1. Let y be s(6). Let h(r) = 1 - 5*r + 5 + 6*r. What is the units digit of h(y)?
1
Suppose -11 + 159 = 4*d. What is the tens digit of d?
3
What is the hundreds digit of -3 + 760/12*(-12)/(-4)?
1
Let s(h) = -5*h - 5. What is the units digit of s(-11)?
0
Let s(g) = 194*g + 3. What is the tens digit of s(1)?
9
Suppose s = 8*s - 1323. What is the tens digit of s?
8
Let i = 27 - 26. Suppose y + i = 41. What is the units digit of y?
0
Let u be 5 + (-3 - -2 - -4). Let n(j) = -j**3 + 7*j**2 + 11*j - 3. What is the units digit of n(u)?
1
What is the tens digit of 3*((-332)/(-12) - (-6)/(-9))?
8
Let r = 2 + 143. What is the tens digit of r?
4
Suppose -20 = -4*b, -2 - 8 = 2*t - 2*b. Suppose d + 19 = -2*d + 5*z, -5*d + 2*z = t. What is the units digit of d?
2
Let f(u) be the first derivative of 2*u**3/3 + 2*u**2 + u - 3. Suppose -9 = 2*v - 3. What is the units digit of f(v)?
7
What is the tens digit of (-211)/(-4) + (-24)/32?
5
Suppose 4*s + 2*i = 253 + 367, -4*i = 8. What is the tens digit of s?
5
Let w(m) = -m**2 + 17*m - 2. What is the tens digit of w(5)?
5
Suppose -j + 39 - 8 = 0. What is the tens digit of j?
3
Let u(r) = -7*r + 4. Let i(q) = -q**2 - 8*q + 5. Let f(n) = -3*i(n) + 4*u(n). What is the units digit of f(3)?
6
Let q(b) = -b**2 - 6*b. Let n be q(-7). What is the tens digit of (n/(-7))/((-2)/(-22))?
1
Suppose -l = l - 12. What is the units digit of l?
6
Suppose -3*b + 4*w - w = -60, 0 = 3*w - 15. What is the units digit of b?
5
Suppose -9*z + 7*z = -5*w + 1439, 2*w = 3*z + 580. What is the tens digit of w?
8
What is the units digit of (1/(-2))/((-2)/8)?
2
Let q(u) = 8*u - 36. What is the hundreds digit of q(20)?
1
Let v = -14 - -8. What is the units digit of (2/3)/(v/(-63))?
7
Let m be 1/((2 - 0)/2). Let w(u) be the second derivative of u**3/6 + 2*u. What is the units digit of w(m)?
1
Suppose 945 = -4*u + 13*u. What is the hundreds digit of u?
1
Suppose -3*w = -2*f + 1, 3*w = -5*f + 2 + 11. Suppose 6*g - f*g = -4*p + 80, 5*p - 130 = g. What is the tens digit of p?
2
Let i be 2*(207/6)/3. Suppose -i = -3*p + 55. What is the tens digit of p?
2
Suppose 3*v + 2*v + 2*t = 13, -3*v + 13 = -4*t. Suppose -v*n - 3 + 57 = 0. What is the units digit of n?
8
Let n(s) = -12*s + 20. What is the hundreds digit of n(-10)?
1
Suppose 7*v - 4*v - 408 = 0. Suppose -l = -5*l + v. What is the tens digit of l?
3
Let z = 62 + -5. What is the tens digit of z?
5
What is the units digit of -12*(-222)/12 - 2?
0
Let g = 15 + -13. What is the tens digit of (-12)/g + 3 + 21?
1
Suppose -5*b = 9 + 1. Let k(p) be the second derivative of -p**3/3 + p. What is the units digit of k(b)?
4
Let r(c) be the first derivative of -c**2/2 - 3*c + 4. Let d be r(-2). What is the units digit of 2/d + 9 + -1?
6
Suppose -5*p - 4*y = 32, -6 = -p + 4*y - 22. Let f be (-2)/p + 60/16. What is the units digit of (4/f)/((-2)/(-10))?
5
Suppose 0 = -10*g + 8*g - 10. Let q = 13 - g. What is the tens digit of q?
1
Let r be 30/(-4)*4/(-6). Suppose 0 = -5*y + 15, 2*p = -y + 2*y + 7. Suppose 0*z - r*z = -p. What is the units digit of z?
1
Suppose 0 = -5*s + 2*t + 76, s - 6*s + 4*t + 82 = 0. What is the units digit of s?
4
Let a(b) = b**2 - 15*b - 2*b**2 + 13 + 7*b. What is the units digit of a(-9)?
4
Let v(l) = l**2 + 8*l + 2. Let w be v(-7). Let d = -6 + w. Let r(i) = -i**2 - 12*i - 9. What is the units digit of r(d)?
2
Let q = 13 - 6. Let u = 7 - q. Suppose -3*j - 2*f = 2*j - 21, 4*j - 5*f + 3 = u. What is the units digit of j?
3
Let g = 149 + -82. What is the tens digit of g?
6
Suppose -148 = -7*i + 5*i. What is the units digit of i?
4
Let w be -1 - (2 + 12/(-4)). Suppose w = -4*f - 20, 2*y - f = -4*f + 31. What is the units digit of y?
3
Let c(o) = o + 19. Let h(i) = 0*i - 2*i + 0*i + 4 + 2. Let l be h(8). What is the units digit of c(l)?
9
Let r(h) = 31*h**3 - h**2 + 2*h - 1. What is the units digit of r(1)?
1
Let n be 11 - (3 + (-1)/1). Let x = n + 3. What is the units digit of x?
2
Let n(q) = q**2 + 10*q + 4. Let v be 9 + 0 - (2 - 4). Let f(w) = 3*w**2 + 30*w + 13. Let r(s) = v*n(s) - 4*f(s). What is the units digit of r(-8)?
8
Suppose 0 = u + 2*q + 88, q + 6 = 2. What is the tens digit of (u/24)/(1/(-3))?
1
What is the units digit of 59*1 - ((6 - 5) + -2)?
0
Let z = -50 + 258. What is the hundreds digit of z?
2
Let p be (6 + -5 + 4)/1. Suppose p*k - 204 = 31. What is the units digit of k?
7
Let k = -135 - -235. What is the tens digit of k?
0
Let a(s) = -s**2 - 15*s. What is the tens digit of a(-10)?
5
Let s = 157 + -96. What is the tens digit of s?
6
Let s = -209 - -312. What is the tens digit of s?
0
Let r(s) = 9*s + 1. What is the units digit of r(1)?
0
Suppose -b = w - 25, 103 = 2*b + b - 4*w. What is the units digit of b?
9
Let a(s) = -s**2 + s - 1. Let i be a(2). Let q(c) = -9*c - 3. Let f(y) = 3*y + 1. Let w(z) = 17*f(z) + 6*q(z). What is the units digit of w(i)?
8
What is the units digit of (0 - -2)/(8 + -6)?
1
Suppose y - 3*y = -38. Suppose 7*a - y = 6*a. What is the units digit of a?
9
Let x(a) = -3*a**2 - a - 4. Let m be x(-3). Let s be 4/(-14) + 216/m. Let i = s - -15. What is the units digit of i?
7
Let t(j) = -45*j + 1. What is the units digit of t(-1)?
6
Suppose 0 = -4*j - 1 + 9. Suppose -3*w - 11 = j*u + 2*u, -30 = -5*w + 3*u. What is the units digit of w?
3
Let t(p) = 6*p**2 - p + 1. Let x be t(1). Suppose x*n - 18 = 3*n. What is the units digit of n?
6
Suppose 0 = 2*y + b - 0*b + 7, -y + 4 = -b. Let l be (-2 - y)*-4*4. What is the units digit of (l/(-6))/(1/(-3))?
8
Suppose 3*u + 2*b - 554 = 280, -u + 2*b + 270 = 0. What is the hundreds digit of u?
2
Suppose o - 5 = 5*i, -2*i + 0*o - 2 = -o. Let s be -2 - (18/(-1) - i). Suppose -10 = -5*z + s. What is the units digit of z?
5
Suppose 2 - 28 = 2*b. Let s = -8 - b. What is the units digit of s?
5
Let x(d) = 6*d + 3. Let v(c) = 7*c + 4. Let r(i) = -5*v(i) + 6*x(i). What is the units digit of r(9)?
7
Suppose -5*l + 135 = 4*a, l - 4*a = 2*l - 43. Suppose -3 + l = -5*r. Let t(n) = -n**2 - 4*n + 3. What is the units digit of t(r)?
3
Let l(h) = -h**3 + 13*h**2 - 2*